
What is the greatest common divisor of 150 and 54?
6
What is the highest common divisor of 708 and 12?
12
Calculate the greatest common factor of 391 and 493.
17
What is the greatest common factor of 124 and 217?
31
What is the greatest common factor of 39 and 104?
13
What is the highest common factor of 912 and 36?
12
Calculate the highest common divisor of 14 and 42.
14
Calculate the highest common divisor of 32 and 836.
4
What is the highest common factor of 103 and 19467?
103
Calculate the highest common factor of 5239 and 93.
31
What is the greatest common divisor of 341 and 11?
11
Calculate the highest common divisor of 256 and 4224.
128
Calculate the greatest common factor of 136 and 18156.
68
Calculate the highest common factor of 1794 and 52.
26
What is the highest common factor of 34 and 49402?
34
Calculate the highest common divisor of 21 and 15.
3
Calculate the greatest common factor of 75 and 50.
25
Calculate the greatest common factor of 18 and 351.
9
What is the highest common factor of 52 and 1?
1
Calculate the greatest common divisor of 3 and 1497.
3
What is the highest common divisor of 14 and 350?
14
What is the highest common factor of 74 and 11211?
37
What is the highest common divisor of 176 and 143?
11
Calculate the highest common divisor of 140 and 735.
35
Calculate the greatest common factor of 208 and 130.
26
What is the greatest common divisor of 55 and 407?
11
Calculate the greatest common factor of 264 and 858.
66
What is the highest common divisor of 45 and 165?
15
Calculate the highest common factor of 442 and 208.
26
What is the highest common factor of 529 and 69?
23
Calculate the highest common divisor of 408 and 48.
24
What is the highest common factor of 8 and 44?
4
What is the greatest common divisor of 3 and 24?
3
Calculate the highest common factor of 221 and 2184.
13
What is the highest common factor of 2560 and 80?
80
Calculate the greatest common factor of 1152 and 256.
128
What is the greatest common factor of 195 and 60?
15
What is the highest common factor of 65 and 950?
5
What is the highest common factor of 453 and 26123?
151
Calculate the highest common divisor of 96 and 88.
8
What is the greatest common divisor of 2745 and 2440?
305
Calculate the highest common divisor of 388 and 11931.
97
Calculate the greatest common divisor of 490 and 196.
98
What is the highest common divisor of 10439 and 77?
11
What is the highest common factor of 3170 and 10?
10
What is the highest common divisor of 30 and 120?
30
Calculate the highest common divisor of 3250 and 25.
25
What is the highest common divisor of 147 and 357?
21
What is the highest common divisor of 7 and 17493?
7
What is the highest common divisor of 195 and 3945?
15
What is the highest common factor of 132 and 11649?
33
What is the greatest common factor of 738 and 6519?
123
Calculate the greatest common factor of 3875 and 125.
125
Calculate the highest common factor of 221 and 153.
17
Calculate the greatest common divisor of 91317 and 183.
183
Calculate the highest common factor of 465 and 6355.
155
Calculate the greatest common divisor of 8763 and 345.
69
What is the greatest common factor of 45 and 477?
9
Calculate the greatest common divisor of 1377 and 612.
153
Calculate the greatest common divisor of 131 and 4192.
131
Calculate the highest common divisor of 10706 and 53.
53
Calculate the greatest common divisor of 20 and 1280.
20
Calculate the highest common factor of 16 and 944.
16
Calculate the greatest common factor of 288 and 54.
18
What is the highest common factor of 1968 and 48?
48
Calculate the greatest common factor of 24 and 762.
6
What is the greatest common divisor of 5825 and 25?
25
What is the highest common factor of 1029 and 168?
21
What is the highest common divisor of 260 and 52?
52
Calculate the highest common divisor of 1309 and 231.
77
What is the highest common divisor of 2629 and 11?
11
Calculate the highest common factor of 1738 and 297.
11
Calculate the highest common factor of 134 and 2.
2
What is the highest common divisor of 3784 and 11?
11
Calculate the highest common divisor of 24 and 6.
6
Calculate the highest common factor of 1118 and 182.
26
What is the greatest common divisor of 21 and 448?
7
Calculate the highest common divisor of 26 and 4342.
26
Calculate the greatest common factor of 85 and 1170.
5
Calculate the greatest common divisor of 12 and 376.
4
Calculate the highest common factor of 156 and 48.
12
Calculate the highest common divisor of 40 and 50.
10
Calculate the highest common divisor of 186 and 18.
6
What is the greatest common divisor of 646 and 374?
34
Calculate the highest common divisor of 16780 and 20.
20
What is the highest common divisor of 2 and 11?
1
What is the highest common divisor of 171 and 21204?
171
Calculate the greatest common factor of 134 and 3350.
134
Calculate the greatest common divisor of 125 and 8325.
25
What is the greatest common factor of 574 and 82?
82
Calculate the highest common factor of 24 and 90.
6
What is the highest common factor of 2324 and 84?
28
What is the greatest common factor of 369 and 82?
41
Calculate the greatest common divisor of 2718 and 486.
18
Calculate the highest common divisor of 1755 and 130.
65
Calculate the greatest common divisor of 48 and 304.
16
Calculate the highest common factor of 9 and 54.
9
What is the greatest common factor of 4017 and 273?
39
What is the greatest common factor of 182 and 8414?
14
What is the highest common factor of 4 and 67?
1
Calculate the highest common divisor of 11554 and 159.
53
Calculate the highest common factor of 58 and 68498.
58
Calculate the highest common factor of 425 and 17.
17
Calculate the greatest common factor of 123 and 205.
41
Calculate the highest common factor of 3408 and 8.
8
Calculate the highest common divisor of 185 and 37.
37
Calculate the greatest common divisor of 272 and 170.
34
What is the greatest common divisor of 992 and 64?
32
Calculate the greatest common divisor of 2835 and 162.
81
What is the greatest common factor of 325 and 675?
25
What is the highest common factor of 1015 and 315?
35
Calculate the highest common divisor of 10 and 26.
2
Calculate the greatest common divisor of 24 and 2472.
24
Calculate the greatest common factor of 282 and 470.
94
What is the greatest common divisor of 1712 and 48?
16
Calculate the greatest common factor of 10 and 8.
2
What is the highest common factor of 486 and 126?
18
Calculate the greatest common divisor of 6 and 582.
6
What is the greatest common factor of 48 and 240?
48
Calculate the greatest common divisor of 620 and 93.
31
Calculate the highest common divisor of 999 and 216.
27
Calculate the highest common factor of 3591 and 147.
21
What is the highest common divisor of 572 and 176?
44
What is the greatest common factor of 30 and 2055?
15
What is the greatest common divisor of 1632 and 192?
96
Calculate the greatest common factor of 3 and 8025.
3
What is the greatest common factor of 235 and 188?
47
What is the greatest common factor of 13 and 7631?
13
Calculate the greatest common factor of 340 and 1768.
68
What is the highest common factor of 17170 and 510?
170
Calculate the greatest common factor of 48 and 144.
48
Calculate the highest common factor of 86 and 645.
43
What is the greatest common divisor of 36 and 7908?
12
What is the highest common divisor of 77 and 77?
77
Calculate the highest common divisor of 80 and 100.
20
Calculate the greatest common factor of 16 and 16.
16
What is the highest common factor of 2 and 5?
1
What is the greatest common divisor of 18 and 3258?
18
Calculate the greatest common factor of 5941 and 11425.
457
What is the highest common factor of 63 and 1413?
9
Calculate the greatest common factor of 208 and 768.
16
Calculate the highest common divisor of 7 and 119.
7
Calculate the greatest common divisor of 7122 and 6.
6
What is the greatest common factor of 220 and 1420?
20
Calculate the highest common factor of 1661 and 77.
11
Calculate the highest common factor of 15 and 2655.
15
What is the highest common factor of 1339 and 412?
103
Calculate the highest common factor of 50 and 57450.
50
Calculate the highest common divisor of 272 and 3992.
8
Calculate the greatest common factor of 21 a